or of i and 6?
3
Let j = 16 - 11. Suppose q - j = 15. What is the greatest common factor of 20 and q?
20
Suppose -5*q + 3*q = 0. Suppose -5*o - 2*f + 55 = 0, 5*f = -q*o - 3*o + 52. Suppose -35 - 10 = -5*d. Calculate the greatest common divisor of d and o.
9
Let h(z) = -z**3 - 18*z**2 + 15*z - 39. Let v be h(-19). What is the highest common factor of v and 185?
37
Suppose -l - 2*m + m = -65, m - 275 = -4*l. Calculate the greatest common factor of l and 10.
10
Let m be (30 - 2)*(-7)/(-28). Calculate the greatest common factor of 21 and m.
7
Suppose -205 = -5*j - o, -3*o = 5*j + o - 220. What is the highest common divisor of j and 160?
40
Let u be (-1)/5 - (-11)/5. Let y(x) = x**2 - 3*x + 3. Let i be y(u). Let q be (-3)/((-9)/3) + 2. What is the greatest common divisor of i and q?
1
Let g(b) = 12*b**2 - 7*b + 1. Let k be g(-4). Calculate the highest common factor of 17 and k.
17
Let o(g) = -2*g**3 - g**2 + 3*g + 3. Let j be o(-2). Let i = 40 + -22. What is the greatest common divisor of j and i?
9
Let j(y) = y**2 + 11*y + 14. Let w be j(-11). What is the highest common divisor of w and 35?
7
Suppose i - 3*m - 27 = 0, -3*m + m - 26 = -i. Calculate the highest common divisor of i and 168.
24
Suppose 3*o - 189 - 471 = 0. Calculate the greatest common divisor of o and 20.
20
Let m be 1 + 9*2 + 1. Suppose -n = -m - 68. Suppose 0*o + 32 = 4*o. Calculate the greatest common divisor of o and n.
8
Let b be -1970*((-1)/(-2) - 1). Suppose -b = -5*y + l, 329 = 2*y - 5*l - 42. What is the highest common factor of y and 18?
18
Let h be 136/3 + (-1 - 6/(-9)). What is the highest common factor of 225 and h?
45
Suppose -2 = -f + 1. Suppose -4*c + 150 = b, f*b + 0*b - 4*c = 466. What is the highest common divisor of 14 and b?
14
Let i(y) = 2*y**2 + 7*y + 6. Suppose 0*b + 4*b = 20. Suppose d = -10 + b. Let n be i(d). What is the highest common factor of 231 and n?
21
Suppose -g = 5*b - 37 - 31, 2*b + g - 29 = 0. Let d = -119 + 210. Calculate the greatest common divisor of d and b.
13
Let z = 1055 - 731. Calculate the greatest common factor of 36 and z.
36
Let a(x) = x + 2. Let u be a(-1). What is the greatest common divisor of u and 7?
1
Let m = -3 - -4. Let f be (0 + -22)/(m/(-3)). Calculate the greatest common divisor of f and 6.
6
Suppose 10*r - 15*r = -20. Let v = 6 - 3. Suppose -3*i = v*p - 0*i - 45, 2*p - 39 = -5*i. Calculate the highest common factor of r and p.
4
Let o(a) = -3*a**3 - 11*a**2 - 2*a + 16. Let p be o(-4). What is the highest common divisor of 60 and p?
20
Suppose 4*c + l - 4*l = 218, -5*c + 274 = -3*l. Suppose c = 5*w + 1. Suppose 4 = 3*t + 4*i, 2*t - w = -3*i + 2*i. What is the highest common factor of 88 and t?
8
Let p = 115 - -13. Suppose 111 = 2*i - 5*i. Let z = 53 + i. Calculate the greatest common divisor of z and p.
16
Suppose 0 = 5*g - 0*g - 15. Let a be 0 - 208/(-10) - 4/(-20). Calculate the greatest common factor of g and a.
3
Suppose 7*s + 15 = 2*s - 4*d, -2*s + 17 = -3*d. Calculate the highest common factor of 3 and s.
1
Let i be ((-66)/8)/((-3)/24). Suppose -5*w + 4*r = -i, 2*r = w - 3*w + 30. Let k(g) = 21*g**2. Let j be k(1). Calculate the greatest common divisor of j and w.
7
Suppose 0*b + 3*o + 161 = 4*b, -b = 2*o - 43. Calculate the greatest common factor of 328 and b.
41
Let g be 48/(-40)*(-25)/3. Let f be (-2)/(-6) + 238/6. Suppose 4*h - 40 = f. Calculate the greatest common factor of h and g.
10
Let u be -5 - (-165)/6*2. What is the greatest common factor of u and 10?
10
Suppose 5 = p, -5*f - p + 5 = -0. Let b(z) = -z**2 + z + 8. Let s be b(f). What is the greatest common factor of 72 and s?
8
Let k = 15 + -9. Let j be 9/k*(-20)/(-3). What is the greatest common factor of j and 10?
10
Suppose -3*h - 500 = -8*h. Suppose n + 0*n = 0, c - h = -4*n. Let r = 30 + -20. What is the greatest common factor of r and c?
10
Let p(s) = 16*s - 43. Let h be p(5). Calculate the highest common factor of h and 407.
37
Let x be (2*-1)/(2/(-16)). Let k = 124 + -116. Calculate the highest common factor of k and x.
8
Let z = 5 + 5. Let o be 546/30 + (-2)/z. Calculate the highest common factor of o and 72.
18
Let a = 21 - -3. Let u = 3 + -1. Suppose 0 = -u*b + 16 + a. What is the highest common factor of 20 and b?
20
Let s = -190 + 388. Let k be 1635/90 - 1/6. Calculate the greatest common divisor of k and s.
18
Suppose -5*z + 2*z = 6. Let y be (5 + -6)/(z/12). Suppose 0 = 3*q - y - 15. What is the greatest common divisor of q and 77?
7
Let k = 108 + 13. What is the highest common divisor of 22 and k?
11
Let y be (-102)/(-27) - 4/(-18). Let o be (-2)/y + 67/2. What is the highest common divisor of 11 and o?
11
Suppose 10*p - 5*p - 55 = 0. Let v(h) = 3*h**2 - 2*h + 3. Let u be v(2). What is the greatest common divisor of u and p?
11
Suppose 8*c - 21 = 19. Calculate the greatest common divisor of c and 45.
5
Let l(y) = 14 - y**2 - 4*y**2 + 11*y + 6*y**2. Let b be l(-10). What is the greatest common divisor of 20 and b?
4
Let l = 12 + -6. What is the highest common factor of 30 and l?
6
Suppose -2*h = -8, 0*u + h - 44 = -4*u. Let p(y) = y - 1. Let o be p(3). Suppose -20 = -o*s + u. What is the greatest common factor of 3 and s?
3
Suppose -3*y = -4*j - 2, 0 = 3*y + 2*j + j - 9. Suppose -4*n + y*z + 36 = 0, 0 = 4*n - z + 5*z - 24. Calculate the greatest common divisor of 88 and n.
8
Suppose m - 2*g = -67, 0*m - 3*m + 5*g - 199 = 0. Let s = -15 - m. Let v = 72 - 66. What is the greatest common divisor of v and s?
6
Let l = 23 - 16. Let d be ((-4)/10)/((-1)/125). Suppose f - s = -4*f + 172, f + 5*s = d. Calculate the highest common factor of l and f.
7
Let v be 78/15*(7 - 2). What is the greatest common factor of v and 156?
26
Suppose -4*d = 4*d - 16. Calculate the greatest common divisor of 2 and d.
2
Suppose 5*p = k - 89, 2*k - 4*p - 195 = -5. What is the highest common factor of 9 and k?
9
Let x = 6 + 1. Suppose -22 = -5*t + a, 5*a - a + 20 = 3*t. Suppose -59 = -t*j - g + 81, 5*g = -5*j + 175. Calculate the highest common divisor of j and x.
7
Let p be 3/12 + (-2106)/(-24). Calculate the highest common divisor of p and 8.
8
Suppose 2*h - 4*h = -36. Let d = h + -27. Let l(y) = -y**2 - 11*y - 13. Let j be l(d). What is the greatest common divisor of j and 20?
5
Let m(x) = 11*x**2 + x. Let a be 12/(-16) + (-11)/(-4). Let s be m(a). What is the greatest common factor of s and 69?
23
Suppose b + p = 5*b - 306, -b + 4*p + 69 = 0. Let m = -3 + 5. Suppose 0 = -z - m + 9. Calculate the highest common divisor of z and b.
7
Let o = 0 - -4. Suppose 0 = o*m - 36 - 12. What is the greatest common factor of m and 8?
4
Let l = 109 + -39. Suppose -b - 56 = -3*b. Calculate the highest common factor of l and b.
14
Suppose 2*k - 9 - 7 = 0. Suppose 2*v - 100 = -2*v. Suppose -v = 3*q - 73. Calculate the highest common divisor of q and k.
8
Let t = 23 - 8. Calculate the greatest common divisor of 5 and t.
5
Suppose 4 = 3*f - 2. What is the highest common factor of 18 and f?
2
Let c(o) = 2*o**2 - 1 - 7*o - 4*o**2 + o + 4*o - o**3. Let f be c(-2). What is the highest common divisor of 30 and f?
3
Suppose -w - 10 = -4*w - 5*l, 3*w = 5*l + 20. Let p be (16/10)/((-4)/50). Let o = p - -30. What is the highest common divisor of o and w?
5
Let g = 117 - 66. Let h be (-12)/(-15)*(-85)/(-2). Calculate the greatest common factor of g and h.
17
Suppose 157 = 14*w + 17. What is the greatest common divisor of w and 1?
1
Let a(g) = -10*g - 10. Let k be a(-4). What is the highest common divisor of k and 20?
10
Let u be 9/(4 - -1 - 2). Suppose 4*g - a - a = 32, u*a = 0. What is the greatest common divisor of g and 12?
4
Let a be 4/(-10) - (-2)/5. Let d(c) = -c**3 - 8*c**2 - 4*c - 7. Let i be d(-8). Suppose 5*r - i - 5 = a. Calculate the greatest common divisor of r and 3.
3
Let y(m) = m**2 + m + 22. Let g be y(0). Let f be 2/11 + 282/g. What is the greatest common divisor of f and 91?
13
Let n be (-1)/((-2)/4) + 1. Suppose 0 = 2*u - 4*x - 32, -u = n*u + 4*x - 40. Calculate the greatest common factor of 24 and u.
12
Suppose -y = -2*a + 70, 0 = 2*y + 3*a + a + 156. Let q = -32 - y. Suppose 2*k + 30 = 4*w, 3*w + 2*k - q = -2. Calculate the highest common divisor of w and 90.
10
Suppose -2*b - 4*k = 3*b, b = k - 9. Let d be (-2)/8 + (-73)/b. Suppose 12 + 42 = 3*c. What is the greatest co